{"id":52,"date":"2024-10-16T16:23:54","date_gmt":"2024-10-16T16:23:54","guid":{"rendered":"https:\/\/plexipolitech.hu\/?page_id=52"},"modified":"2024-10-29T09:03:04","modified_gmt":"2024-10-29T09:03:04","slug":"tablak","status":"publish","type":"page","link":"https:\/\/plexipolitech.hu\/?page_id=52","title":{"rendered":"T\u00e1bl\u00e1k"},"content":{"rendered":"\t\t<div data-elementor-type=\"wp-page\" data-elementor-id=\"52\" class=\"elementor elementor-52\" data-elementor-post-type=\"page\">\n\t\t\t\t<div class=\"elementor-element elementor-element-cb6bd6d e-flex e-con-boxed e-con e-parent\" data-id=\"cb6bd6d\" data-element_type=\"container\">\n\t\t\t\t\t<div class=\"e-con-inner\">\n\t\t<div class=\"elementor-element elementor-element-e186662 e-con-full e-flex e-con e-child\" data-id=\"e186662\" data-element_type=\"container\">\n\t\t\t\t<div class=\"elementor-element elementor-element-188aa29 elementor-widget elementor-widget-image\" data-id=\"188aa29\" data-element_type=\"widget\" data-widget_type=\"image.default\">\n\t\t\t\t<div class=\"elementor-widget-container\">\n\t\t\t\t\t\t\t\t\t\t\t\t\t<img fetchpriority=\"high\" decoding=\"async\" width=\"492\" height=\"481\" src=\"https:\/\/plexipolitech.hu\/wp-content\/uploads\/2024\/10\/Makrolon-Vi\u0301ztiszta-10-mm-1-oldalon-UV-ve\u0301dett-ero\u030bsi\u0301tett-4.490-Ft_m2.jpg\" class=\"attachment-large size-large wp-image-124\" alt=\"\" srcset=\"https:\/\/plexipolitech.hu\/wp-content\/uploads\/2024\/10\/Makrolon-Vi\u0301ztiszta-10-mm-1-oldalon-UV-ve\u0301dett-ero\u030bsi\u0301tett-4.490-Ft_m2.jpg 492w, https:\/\/plexipolitech.hu\/wp-content\/uploads\/2024\/10\/Makrolon-Vi\u0301ztiszta-10-mm-1-oldalon-UV-ve\u0301dett-ero\u030bsi\u0301tett-4.490-Ft_m2-300x293.jpg 300w\" sizes=\"(max-width: 492px) 100vw, 492px\" \/>\t\t\t\t\t\t\t\t\t\t\t\t\t<\/div>\n\t\t\t\t<\/div>\n\t\t\t\t<div class=\"elementor-element elementor-element-385f818 elementor-widget elementor-widget-heading\" data-id=\"385f818\" data-element_type=\"widget\" data-widget_type=\"heading.default\">\n\t\t\t\t<div class=\"elementor-widget-container\">\n\t\t\t<h2 class=\"elementor-heading-title elementor-size-default\">Makrolon Vi\u0301ztiszta - 10 mm 1 oldalon UV ve\u0301dett, ero\u030bsi\u0301tett<\/h2>\t\t<\/div>\n\t\t\t\t<\/div>\n\t\t\t\t<div class=\"elementor-element elementor-element-826d934 elementor-widget elementor-widget-heading\" data-id=\"826d934\" data-element_type=\"widget\" data-widget_type=\"heading.default\">\n\t\t\t\t<div class=\"elementor-widget-container\">\n\t\t\t<h2 class=\"elementor-heading-title elementor-size-default\">4.490 Ft m2<\/h2>\t\t<\/div>\n\t\t\t\t<\/div>\n\t\t\t\t<\/div>\n\t\t<div class=\"elementor-element elementor-element-2cc3f31 e-con-full e-flex e-con e-child\" data-id=\"2cc3f31\" data-element_type=\"container\">\n\t\t\t\t<div class=\"elementor-element elementor-element-3facd1f elementor-widget elementor-widget-image\" data-id=\"3facd1f\" data-element_type=\"widget\" data-widget_type=\"image.default\">\n\t\t\t\t<div class=\"elementor-widget-container\">\n\t\t\t\t\t\t\t\t\t\t\t\t\t<img decoding=\"async\" width=\"492\" height=\"481\" src=\"https:\/\/plexipolitech.hu\/wp-content\/uploads\/2024\/10\/Makrolon-Vi\u0301ztiszta-10-mm-2-oldalon-UV-ve\u0301dett-ero\u030bsi\u0301tett-4.990-Ft_m2.jpg\" class=\"attachment-large size-large wp-image-126\" alt=\"\" srcset=\"https:\/\/plexipolitech.hu\/wp-content\/uploads\/2024\/10\/Makrolon-Vi\u0301ztiszta-10-mm-2-oldalon-UV-ve\u0301dett-ero\u030bsi\u0301tett-4.990-Ft_m2.jpg 492w, https:\/\/plexipolitech.hu\/wp-content\/uploads\/2024\/10\/Makrolon-Vi\u0301ztiszta-10-mm-2-oldalon-UV-ve\u0301dett-ero\u030bsi\u0301tett-4.990-Ft_m2-300x293.jpg 300w\" sizes=\"(max-width: 492px) 100vw, 492px\" \/>\t\t\t\t\t\t\t\t\t\t\t\t\t<\/div>\n\t\t\t\t<\/div>\n\t\t\t\t<div class=\"elementor-element elementor-element-fa9e33d elementor-widget elementor-widget-heading\" data-id=\"fa9e33d\" data-element_type=\"widget\" data-widget_type=\"heading.default\">\n\t\t\t\t<div class=\"elementor-widget-container\">\n\t\t\t<h2 class=\"elementor-heading-title elementor-size-default\">Makrolon Vi\u0301ztiszta - 10 mm 2 oldalon UV ve\u0301dett, ero\u030bsi\u0301tett<\/h2>\t\t<\/div>\n\t\t\t\t<\/div>\n\t\t\t\t<div class=\"elementor-element elementor-element-4315190 elementor-widget elementor-widget-heading\" data-id=\"4315190\" data-element_type=\"widget\" data-widget_type=\"heading.default\">\n\t\t\t\t<div class=\"elementor-widget-container\">\n\t\t\t<h2 class=\"elementor-heading-title elementor-size-default\">4.990 Ft m2<\/h2>\t\t<\/div>\n\t\t\t\t<\/div>\n\t\t\t\t<\/div>\n\t\t\t\t\t<\/div>\n\t\t\t\t<\/div>\n\t\t<div class=\"elementor-element elementor-element-03c52b9 e-flex e-con-boxed e-con e-parent\" data-id=\"03c52b9\" data-element_type=\"container\">\n\t\t\t\t\t<div class=\"e-con-inner\">\n\t\t<div class=\"elementor-element elementor-element-ff5290f e-con-full e-flex e-con e-child\" data-id=\"ff5290f\" data-element_type=\"container\">\n\t\t\t\t<div class=\"elementor-element elementor-element-3360575 elementor-widget elementor-widget-image\" data-id=\"3360575\" data-element_type=\"widget\" data-widget_type=\"image.default\">\n\t\t\t\t<div class=\"elementor-widget-container\">\n\t\t\t\t\t\t\t\t\t\t\t\t\t<img decoding=\"async\" width=\"496\" height=\"499\" src=\"https:\/\/plexipolitech.hu\/wp-content\/uploads\/2024\/10\/Marlon-Opa\u0301l-10-mm-2-falu\u0301-1-kamra\u0301s-5.490-Ft_m2.jpg\" class=\"attachment-large size-large wp-image-110\" alt=\"\" srcset=\"https:\/\/plexipolitech.hu\/wp-content\/uploads\/2024\/10\/Marlon-Opa\u0301l-10-mm-2-falu\u0301-1-kamra\u0301s-5.490-Ft_m2.jpg 496w, https:\/\/plexipolitech.hu\/wp-content\/uploads\/2024\/10\/Marlon-Opa\u0301l-10-mm-2-falu\u0301-1-kamra\u0301s-5.490-Ft_m2-298x300.jpg 298w, https:\/\/plexipolitech.hu\/wp-content\/uploads\/2024\/10\/Marlon-Opa\u0301l-10-mm-2-falu\u0301-1-kamra\u0301s-5.490-Ft_m2-150x150.jpg 150w\" sizes=\"(max-width: 496px) 100vw, 496px\" \/>\t\t\t\t\t\t\t\t\t\t\t\t\t<\/div>\n\t\t\t\t<\/div>\n\t\t\t\t<div class=\"elementor-element elementor-element-f42145a elementor-widget elementor-widget-heading\" data-id=\"f42145a\" data-element_type=\"widget\" data-widget_type=\"heading.default\">\n\t\t\t\t<div class=\"elementor-widget-container\">\n\t\t\t<h2 class=\"elementor-heading-title elementor-size-default\">Marlon Opa\u0301l - 10 mm 2 falu\u0301 1 kamra\u0301s<\/h2>\t\t<\/div>\n\t\t\t\t<\/div>\n\t\t\t\t<div class=\"elementor-element elementor-element-834fea9 elementor-widget elementor-widget-heading\" data-id=\"834fea9\" data-element_type=\"widget\" data-widget_type=\"heading.default\">\n\t\t\t\t<div class=\"elementor-widget-container\">\n\t\t\t<h2 class=\"elementor-heading-title elementor-size-default\">5.490 Ft m2<\/h2>\t\t<\/div>\n\t\t\t\t<\/div>\n\t\t\t\t<\/div>\n\t\t<div class=\"elementor-element elementor-element-d1aaf90 e-con-full e-flex e-con e-child\" data-id=\"d1aaf90\" data-element_type=\"container\">\n\t\t\t\t<div class=\"elementor-element elementor-element-b122811 elementor-widget elementor-widget-image\" data-id=\"b122811\" data-element_type=\"widget\" data-widget_type=\"image.default\">\n\t\t\t\t<div class=\"elementor-widget-container\">\n\t\t\t\t\t\t\t\t\t\t\t\t\t<img loading=\"lazy\" decoding=\"async\" width=\"496\" height=\"499\" src=\"https:\/\/plexipolitech.hu\/wp-content\/uploads\/2024\/10\/Marlon-Opa\u0301l-16-mm-8.490-Ft_m2.jpg\" class=\"attachment-large size-large wp-image-121\" alt=\"\" srcset=\"https:\/\/plexipolitech.hu\/wp-content\/uploads\/2024\/10\/Marlon-Opa\u0301l-16-mm-8.490-Ft_m2.jpg 496w, https:\/\/plexipolitech.hu\/wp-content\/uploads\/2024\/10\/Marlon-Opa\u0301l-16-mm-8.490-Ft_m2-298x300.jpg 298w, https:\/\/plexipolitech.hu\/wp-content\/uploads\/2024\/10\/Marlon-Opa\u0301l-16-mm-8.490-Ft_m2-150x150.jpg 150w\" sizes=\"(max-width: 496px) 100vw, 496px\" \/>\t\t\t\t\t\t\t\t\t\t\t\t\t<\/div>\n\t\t\t\t<\/div>\n\t\t\t\t<div class=\"elementor-element elementor-element-c718754 elementor-widget elementor-widget-heading\" data-id=\"c718754\" data-element_type=\"widget\" data-widget_type=\"heading.default\">\n\t\t\t\t<div class=\"elementor-widget-container\">\n\t\t\t<h2 class=\"elementor-heading-title elementor-size-default\">Marlon Opa\u0301l - 16 mm<\/h2>\t\t<\/div>\n\t\t\t\t<\/div>\n\t\t\t\t<div class=\"elementor-element elementor-element-616e041 elementor-widget elementor-widget-heading\" data-id=\"616e041\" data-element_type=\"widget\" data-widget_type=\"heading.default\">\n\t\t\t\t<div class=\"elementor-widget-container\">\n\t\t\t<h2 class=\"elementor-heading-title elementor-size-default\">8.490 Ft m2<\/h2>\t\t<\/div>\n\t\t\t\t<\/div>\n\t\t\t\t<\/div>\n\t\t\t\t\t<\/div>\n\t\t\t\t<\/div>\n\t\t<div class=\"elementor-element elementor-element-a7708bf e-flex e-con-boxed e-con e-parent\" data-id=\"a7708bf\" data-element_type=\"container\">\n\t\t\t\t\t<div class=\"e-con-inner\">\n\t\t<div class=\"elementor-element elementor-element-7ea99b8 e-con-full e-flex e-con e-child\" data-id=\"7ea99b8\" data-element_type=\"container\">\n\t\t\t\t<div class=\"elementor-element elementor-element-071a5df elementor-widget elementor-widget-image\" data-id=\"071a5df\" data-element_type=\"widget\" data-widget_type=\"image.default\">\n\t\t\t\t<div class=\"elementor-widget-container\">\n\t\t\t\t\t\t\t\t\t\t\t\t\t<img loading=\"lazy\" decoding=\"async\" width=\"546\" height=\"565\" src=\"https:\/\/plexipolitech.hu\/wp-content\/uploads\/2024\/10\/Makrolon-Bronz-10-mm-2-oldalon-UV-ve\u0301dett-ero\u030bsi\u0301tett-5.290-Ft_m2.jpg\" class=\"attachment-large size-large wp-image-125\" alt=\"\" srcset=\"https:\/\/plexipolitech.hu\/wp-content\/uploads\/2024\/10\/Makrolon-Bronz-10-mm-2-oldalon-UV-ve\u0301dett-ero\u030bsi\u0301tett-5.290-Ft_m2.jpg 546w, https:\/\/plexipolitech.hu\/wp-content\/uploads\/2024\/10\/Makrolon-Bronz-10-mm-2-oldalon-UV-ve\u0301dett-ero\u030bsi\u0301tett-5.290-Ft_m2-290x300.jpg 290w\" sizes=\"(max-width: 546px) 100vw, 546px\" \/>\t\t\t\t\t\t\t\t\t\t\t\t\t<\/div>\n\t\t\t\t<\/div>\n\t\t\t\t<div class=\"elementor-element elementor-element-bb0ca78 elementor-widget elementor-widget-heading\" data-id=\"bb0ca78\" data-element_type=\"widget\" data-widget_type=\"heading.default\">\n\t\t\t\t<div class=\"elementor-widget-container\">\n\t\t\t<h2 class=\"elementor-heading-title elementor-size-default\">Makrolon Bronz - 10 mm, 2 oldalon UV ve\u0301dett, ero\u030bsi\u0301tett<\/h2>\t\t<\/div>\n\t\t\t\t<\/div>\n\t\t\t\t<div class=\"elementor-element elementor-element-3747d31 elementor-widget elementor-widget-heading\" data-id=\"3747d31\" data-element_type=\"widget\" data-widget_type=\"heading.default\">\n\t\t\t\t<div class=\"elementor-widget-container\">\n\t\t\t<h2 class=\"elementor-heading-title elementor-size-default\"> 5.290 Ft m2<\/h2>\t\t<\/div>\n\t\t\t\t<\/div>\n\t\t\t\t<\/div>\n\t\t<div class=\"elementor-element elementor-element-36ad84a e-con-full e-flex e-con e-child\" data-id=\"36ad84a\" data-element_type=\"container\">\n\t\t\t\t<div class=\"elementor-element elementor-element-8be3c23 elementor-widget elementor-widget-image\" data-id=\"8be3c23\" data-element_type=\"widget\" data-widget_type=\"image.default\">\n\t\t\t\t<div class=\"elementor-widget-container\">\n\t\t\t\t\t\t\t\t\t\t\t\t\t<img loading=\"lazy\" decoding=\"async\" width=\"546\" height=\"565\" src=\"https:\/\/plexipolitech.hu\/wp-content\/uploads\/2024\/10\/Marlon-Bronz-16-mm-8.490-Ft_m2.jpg\" class=\"attachment-large size-large wp-image-123\" alt=\"\" srcset=\"https:\/\/plexipolitech.hu\/wp-content\/uploads\/2024\/10\/Marlon-Bronz-16-mm-8.490-Ft_m2.jpg 546w, https:\/\/plexipolitech.hu\/wp-content\/uploads\/2024\/10\/Marlon-Bronz-16-mm-8.490-Ft_m2-290x300.jpg 290w\" sizes=\"(max-width: 546px) 100vw, 546px\" \/>\t\t\t\t\t\t\t\t\t\t\t\t\t<\/div>\n\t\t\t\t<\/div>\n\t\t\t\t<div class=\"elementor-element elementor-element-4198d3f elementor-widget elementor-widget-heading\" data-id=\"4198d3f\" data-element_type=\"widget\" data-widget_type=\"heading.default\">\n\t\t\t\t<div class=\"elementor-widget-container\">\n\t\t\t<h2 class=\"elementor-heading-title elementor-size-default\">Marlon Bronz - 16 mm<\/h2>\t\t<\/div>\n\t\t\t\t<\/div>\n\t\t\t\t<div class=\"elementor-element elementor-element-b25218f elementor-widget elementor-widget-heading\" data-id=\"b25218f\" data-element_type=\"widget\" data-widget_type=\"heading.default\">\n\t\t\t\t<div class=\"elementor-widget-container\">\n\t\t\t<h2 class=\"elementor-heading-title elementor-size-default\">8.490 Ft m2<\/h2>\t\t<\/div>\n\t\t\t\t<\/div>\n\t\t\t\t<\/div>\n\t\t\t\t\t<\/div>\n\t\t\t\t<\/div>\n\t\t<div class=\"elementor-element elementor-element-526b779 e-flex e-con-boxed e-con e-parent\" data-id=\"526b779\" data-element_type=\"container\">\n\t\t\t\t\t<div class=\"e-con-inner\">\n\t\t<div class=\"elementor-element elementor-element-67bf3ef e-con-full e-flex e-con e-child\" data-id=\"67bf3ef\" data-element_type=\"container\">\n\t\t\t\t<div class=\"elementor-element elementor-element-101ca26 elementor-widget elementor-widget-image\" data-id=\"101ca26\" data-element_type=\"widget\" data-widget_type=\"image.default\">\n\t\t\t\t<div class=\"elementor-widget-container\">\n\t\t\t\t\t\t\t\t\t\t\t\t\t<img loading=\"lazy\" decoding=\"async\" width=\"492\" height=\"481\" src=\"https:\/\/plexipolitech.hu\/wp-content\/uploads\/2024\/10\/Marlon-Vi\u0301ztiszta-16-mm-7.990-Ft_m2.jpg\" class=\"attachment-large size-large wp-image-122\" alt=\"\" srcset=\"https:\/\/plexipolitech.hu\/wp-content\/uploads\/2024\/10\/Marlon-Vi\u0301ztiszta-16-mm-7.990-Ft_m2.jpg 492w, https:\/\/plexipolitech.hu\/wp-content\/uploads\/2024\/10\/Marlon-Vi\u0301ztiszta-16-mm-7.990-Ft_m2-300x293.jpg 300w\" sizes=\"(max-width: 492px) 100vw, 492px\" \/>\t\t\t\t\t\t\t\t\t\t\t\t\t<\/div>\n\t\t\t\t<\/div>\n\t\t\t\t<div class=\"elementor-element elementor-element-fa45c51 elementor-widget elementor-widget-heading\" data-id=\"fa45c51\" data-element_type=\"widget\" data-widget_type=\"heading.default\">\n\t\t\t\t<div class=\"elementor-widget-container\">\n\t\t\t<h2 class=\"elementor-heading-title elementor-size-default\">Marlon Vi\u0301ztiszta - 16 mm<\/h2>\t\t<\/div>\n\t\t\t\t<\/div>\n\t\t\t\t<div class=\"elementor-element elementor-element-378d41b elementor-widget elementor-widget-heading\" data-id=\"378d41b\" data-element_type=\"widget\" data-widget_type=\"heading.default\">\n\t\t\t\t<div class=\"elementor-widget-container\">\n\t\t\t<h2 class=\"elementor-heading-title elementor-size-default\">7.990 Ft m2<\/h2>\t\t<\/div>\n\t\t\t\t<\/div>\n\t\t\t\t<\/div>\n\t\t\t\t\t<\/div>\n\t\t\t\t<\/div>\n\t\t<div class=\"elementor-element elementor-element-469ffb3 e-flex e-con-boxed e-con e-parent\" data-id=\"469ffb3\" data-element_type=\"container\">\n\t\t\t\t\t<div class=\"e-con-inner\">\n\t\t\t\t<div class=\"elementor-element elementor-element-06ba4d4 elementor-widget elementor-widget-heading\" data-id=\"06ba4d4\" data-element_type=\"widget\" data-widget_type=\"heading.default\">\n\t\t\t\t<div class=\"elementor-widget-container\">\n\t\t\t<h2 class=\"elementor-heading-title elementor-size-default\">Tekintse meg teljes k\u00edn\u00e1latunkat!<\/h2>\t\t<\/div>\n\t\t\t\t<\/div>\n\t\t\t\t<div class=\"elementor-element elementor-element-111d41f elementor-align-center elementor-hidden-desktop elementor-hidden-tablet elementor-widget elementor-widget-button\" data-id=\"111d41f\" data-element_type=\"widget\" data-widget_type=\"button.default\">\n\t\t\t\t<div class=\"elementor-widget-container\">\n\t\t\t\t\t<div class=\"elementor-button-wrapper\">\n\t\t\t<a class=\"elementor-button elementor-button-link elementor-size-sm\" href=\"https:\/\/plexipolitech.hu\/wp-content\/uploads\/2024\/10\/Polikarbona\u0301t-e\u0301s-tartoze\u0301kai-ku\u0308ldheto\u030b-1.pdf\">\n\t\t\t\t\t\t<span class=\"elementor-button-content-wrapper\">\n\t\t\t\t\t\t\t\t\t<span class=\"elementor-button-text\">Teljes K\u00edn\u00e1lat Megtekint\u00e9se<\/span>\n\t\t\t\t\t<\/span>\n\t\t\t\t\t<\/a>\n\t\t<\/div>\n\t\t\t\t<\/div>\n\t\t\t\t<\/div>\n\t\t<div class=\"elementor-element elementor-element-c1e3e53 e-con-full elementor-hidden-mobile e-flex e-con e-child\" data-id=\"c1e3e53\" data-element_type=\"container\">\n\t\t\t\t<div class=\"elementor-element elementor-element-7c6687b elementor-widget elementor-widget-pdfjs-viewer\" data-id=\"7c6687b\" data-element_type=\"widget\" data-widget_type=\"pdfjs-viewer.default\">\n\t\t\t\t<div class=\"elementor-widget-container\">\n\t\t\t<iframe width=\"600\" height=\"2000\" src=\"https:\/\/plexipolitech.hu\/wp-content\/plugins\/pdfjs-viewer-for-elementor\/\/assets\/js\/pdfjs\/web\/viewer.html?file=https:\/\/plexipolitech.hu\/wp-content\/uploads\/2024\/10\/Polikarbona\u0301t-e\u0301s-tartoze\u0301kai-ku\u0308ldheto\u030b-1.pdf\"><\/iframe>\t\t<\/div>\n\t\t\t\t<\/div>\n\t\t\t\t<\/div>\n\t\t\t\t\t<\/div>\n\t\t\t\t<\/div>\n\t\t<div class=\"elementor-element elementor-element-be876b4 e-flex e-con-boxed e-con e-parent\" data-id=\"be876b4\" data-element_type=\"container\">\n\t\t\t\t\t<div class=\"e-con-inner\">\n\t\t<div class=\"elementor-element elementor-element-1238638 e-con-full e-flex e-con e-child\" data-id=\"1238638\" data-element_type=\"container\">\n\t\t\t\t<div class=\"elementor-element elementor-element-9eda157 elementor-widget elementor-widget-heading\" data-id=\"9eda157\" data-element_type=\"widget\" data-widget_type=\"heading.default\">\n\t\t\t\t<div class=\"elementor-widget-container\">\n\t\t\t<h2 class=\"elementor-heading-title elementor-size-default\">K\u00e9rjen aj\u00e1nlatot!<\/h2>\t\t<\/div>\n\t\t\t\t<\/div>\n\t\t\t\t<div class=\"elementor-element elementor-element-66204b1 elementor-button-align-stretch elementor-widget elementor-widget-global elementor-global-80 elementor-widget-form\" data-id=\"66204b1\" data-element_type=\"widget\" data-settings=\"{&quot;step_next_label&quot;:&quot;Next&quot;,&quot;step_previous_label&quot;:&quot;Previous&quot;,&quot;button_width&quot;:&quot;100&quot;,&quot;step_type&quot;:&quot;number_text&quot;,&quot;step_icon_shape&quot;:&quot;circle&quot;}\" data-widget_type=\"form.default\">\n\t\t\t\t<div class=\"elementor-widget-container\">\n\t\t\t\t\t<form class=\"elementor-form\" method=\"post\" name=\"New Form\">\n\t\t\t<input type=\"hidden\" name=\"post_id\" value=\"52\"\/>\n\t\t\t<input type=\"hidden\" name=\"form_id\" value=\"66204b1\"\/>\n\t\t\t<input type=\"hidden\" name=\"referer_title\" value=\"\" \/>\n\n\t\t\t\n\t\t\t<div class=\"elementor-form-fields-wrapper elementor-labels-above\">\n\t\t\t\t\t\t\t\t<div class=\"elementor-field-type-text elementor-field-group elementor-column elementor-field-group-name elementor-col-100\">\n\t\t\t\t\t\t\t\t\t\t\t\t<label for=\"form-field-name\" class=\"elementor-field-label\">\n\t\t\t\t\t\t\t\tTeljes N\u00e9v\t\t\t\t\t\t\t<\/label>\n\t\t\t\t\t\t\t\t\t\t\t\t\t\t<input size=\"1\" type=\"text\" name=\"form_fields[name]\" id=\"form-field-name\" class=\"elementor-field elementor-size-sm  elementor-field-textual\">\n\t\t\t\t\t\t\t\t\t\t\t<\/div>\n\t\t\t\t\t\t\t\t<div class=\"elementor-field-type-email elementor-field-group elementor-column elementor-field-group-email elementor-col-100 elementor-field-required\">\n\t\t\t\t\t\t\t\t\t\t\t\t<label for=\"form-field-email\" class=\"elementor-field-label\">\n\t\t\t\t\t\t\t\tEmail\t\t\t\t\t\t\t<\/label>\n\t\t\t\t\t\t\t\t\t\t\t\t\t\t<input size=\"1\" type=\"email\" name=\"form_fields[email]\" id=\"form-field-email\" class=\"elementor-field elementor-size-sm  elementor-field-textual\" required=\"required\" aria-required=\"true\">\n\t\t\t\t\t\t\t\t\t\t\t<\/div>\n\t\t\t\t\t\t\t\t<div class=\"elementor-field-type-text elementor-field-group elementor-column elementor-field-group-field_f61c163 elementor-col-100\">\n\t\t\t\t\t\t\t\t\t\t\t\t<label for=\"form-field-field_f61c163\" class=\"elementor-field-label\">\n\t\t\t\t\t\t\t\tTelefonsz\u00e1m\t\t\t\t\t\t\t<\/label>\n\t\t\t\t\t\t\t\t\t\t\t\t\t\t<input size=\"1\" type=\"text\" name=\"form_fields[field_f61c163]\" id=\"form-field-field_f61c163\" class=\"elementor-field elementor-size-sm  elementor-field-textual\">\n\t\t\t\t\t\t\t\t\t\t\t<\/div>\n\t\t\t\t\t\t\t\t<div class=\"elementor-field-type-checkbox elementor-field-group elementor-column elementor-field-group-field_81a3613 elementor-col-100\">\n\t\t\t\t\t\t\t\t\t\t\t\t<label for=\"form-field-field_81a3613\" class=\"elementor-field-label\">\n\t\t\t\t\t\t\t\t\u00c9rdekl\u0151d\u00e9s\t\t\t\t\t\t\t<\/label>\n\t\t\t\t\t\t<div class=\"elementor-field-subgroup  elementor-subgroup-inline\"><span class=\"elementor-field-option\"><input type=\"checkbox\" value=\"Tervez\u00e9s\" id=\"form-field-field_81a3613-0\" name=\"form_fields[field_81a3613][]\"> <label for=\"form-field-field_81a3613-0\">Tervez\u00e9s<\/label><\/span><span class=\"elementor-field-option\"><input type=\"checkbox\" value=\"\u00c1raj\u00e1nlat k\u00e9r\u00e9s\" id=\"form-field-field_81a3613-1\" name=\"form_fields[field_81a3613][]\"> <label for=\"form-field-field_81a3613-1\">\u00c1raj\u00e1nlat k\u00e9r\u00e9s<\/label><\/span><span class=\"elementor-field-option\"><input type=\"checkbox\" value=\"Ig\u00e9nyfelm\u00e9r\u00e9s\" id=\"form-field-field_81a3613-2\" name=\"form_fields[field_81a3613][]\"> <label for=\"form-field-field_81a3613-2\">Ig\u00e9nyfelm\u00e9r\u00e9s<\/label><\/span><\/div>\t\t\t\t<\/div>\n\t\t\t\t\t\t\t\t<div class=\"elementor-field-type-textarea elementor-field-group elementor-column elementor-field-group-message elementor-col-100\">\n\t\t\t\t\t\t\t\t\t\t\t\t<label for=\"form-field-message\" class=\"elementor-field-label\">\n\t\t\t\t\t\t\t\t\u00dczenet\t\t\t\t\t\t\t<\/label>\n\t\t\t\t\t\t<textarea class=\"elementor-field-textual elementor-field  elementor-size-sm\" name=\"form_fields[message]\" id=\"form-field-message\" rows=\"4\"><\/textarea>\t\t\t\t<\/div>\n\t\t\t\t\t\t\t\t<div class=\"elementor-field-group elementor-column elementor-field-type-submit elementor-col-100 e-form__buttons\">\n\t\t\t\t\t<button class=\"elementor-button elementor-size-sm\" type=\"submit\">\n\t\t\t\t\t\t<span class=\"elementor-button-content-wrapper\">\n\t\t\t\t\t\t\t\t\t\t\t\t\t\t\t\t\t\t\t\t\t\t<span class=\"elementor-button-text\">K\u00fcld\u00e9s<\/span>\n\t\t\t\t\t\t\t\t\t\t\t\t\t<\/span>\n\t\t\t\t\t<\/button>\n\t\t\t\t<\/div>\n\t\t\t<\/div>\n\t\t<\/form>\n\t\t\t\t<\/div>\n\t\t\t\t<\/div>\n\t\t\t\t<\/div>\n\t\t\t\t\t<\/div>\n\t\t\t\t<\/div>\n\t\t\t\t<\/div>\n\t\t","protected":false},"excerpt":{"rendered":"<p>Makrolon Vi\u0301ztiszta &#8211; 10 mm 1 oldalon UV ve\u0301dett, ero\u030bsi\u0301tett 4.490 Ft m2 Makrolon Vi\u0301ztiszta &#8211; 10 mm 2 oldalon UV ve\u0301dett, ero\u030bsi\u0301tett 4.990 Ft m2 Marlon Opa\u0301l &#8211; 10 mm 2 falu\u0301 1 kamra\u0301s 5.490 Ft m2 Marlon Opa\u0301l &#8211; 16 mm 8.490 Ft m2 Makrolon Bronz &#8211; 10 mm, 2 oldalon UV ve\u0301dett,&#8230;<\/p>\n","protected":false},"author":1,"featured_media":0,"parent":0,"menu_order":0,"comment_status":"closed","ping_status":"closed","template":"","meta":{"_kad_post_transparent":"","_kad_post_title":"hide","_kad_post_layout":"fullwidth","_kad_post_sidebar_id":"","_kad_post_content_style":"unboxed","_kad_post_vertical_padding":"hide","_kad_post_feature":"hide","_kad_post_feature_position":"","_kad_post_header":false,"_kad_post_footer":false,"footnotes":""},"class_list":["post-52","page","type-page","status-publish","hentry"],"_links":{"self":[{"href":"https:\/\/plexipolitech.hu\/index.php?rest_route=\/wp\/v2\/pages\/52","targetHints":{"allow":["GET"]}}],"collection":[{"href":"https:\/\/plexipolitech.hu\/index.php?rest_route=\/wp\/v2\/pages"}],"about":[{"href":"https:\/\/plexipolitech.hu\/index.php?rest_route=\/wp\/v2\/types\/page"}],"author":[{"embeddable":true,"href":"https:\/\/plexipolitech.hu\/index.php?rest_route=\/wp\/v2\/users\/1"}],"replies":[{"embeddable":true,"href":"https:\/\/plexipolitech.hu\/index.php?rest_route=%2Fwp%2Fv2%2Fcomments&post=52"}],"version-history":[{"count":43,"href":"https:\/\/plexipolitech.hu\/index.php?rest_route=\/wp\/v2\/pages\/52\/revisions"}],"predecessor-version":[{"id":244,"href":"https:\/\/plexipolitech.hu\/index.php?rest_route=\/wp\/v2\/pages\/52\/revisions\/244"}],"wp:attachment":[{"href":"https:\/\/plexipolitech.hu\/index.php?rest_route=%2Fwp%2Fv2%2Fmedia&parent=52"}],"curies":[{"name":"wp","href":"https:\/\/api.w.org\/{rel}","templated":true}]}}